{"id":32,"date":"2017-10-31T07:44:25","date_gmt":"2017-10-31T07:44:25","guid":{"rendered":"http:\/\/demo2.drfuri.com\/manufactory\/?page_id=32"},"modified":"2023-09-16T19:11:08","modified_gmt":"2023-09-16T19:11:08","slug":"hakkimizda","status":"publish","type":"page","link":"http:\/\/www.armetalmutfak.com\/index.php\/hakkimizda\/","title":{"rendered":"Hakk\u0131m\u0131zda"},"content":{"rendered":"\t\t<div data-elementor-type=\"wp-page\" data-elementor-id=\"32\" class=\"elementor elementor-32\">\n\t\t\t\t\t\t<section class=\"elementor-section elementor-top-section elementor-element elementor-element-6bcbe4e elementor-section-content-middle elementor-section-boxed elementor-section-height-default elementor-section-height-default\" data-id=\"6bcbe4e\" data-element_type=\"section\" data-settings=\"{&quot;background_background&quot;:&quot;classic&quot;}\">\n\t\t\t\t\t\t<div class=\"elementor-container elementor-column-gap-default\">\n\t\t\t\t\t<div class=\"elementor-column elementor-col-50 elementor-top-column elementor-element elementor-element-190cea0\" data-id=\"190cea0\" data-element_type=\"column\">\n\t\t\t<div class=\"elementor-widget-wrap elementor-element-populated\">\n\t\t\t\t\t\t<div class=\"elementor-element elementor-element-ffa7dd1 elementor-widget elementor-widget-image\" data-id=\"ffa7dd1\" data-element_type=\"widget\" data-widget_type=\"image.default\">\n\t\t\t\t<div class=\"elementor-widget-container\">\n\t\t\t\t\t\t\t\t\t\t\t\t\t\t\t<img fetchpriority=\"high\" decoding=\"async\" width=\"521\" height=\"684\" src=\"http:\/\/www.armetalmutfak.com\/wp-content\/uploads\/2023\/09\/people-1.png\" class=\"attachment-large size-large wp-image-4248\" alt=\"\" srcset=\"http:\/\/www.armetalmutfak.com\/wp-content\/uploads\/2023\/09\/people-1.png 521w, http:\/\/www.armetalmutfak.com\/wp-content\/uploads\/2023\/09\/people-1-229x300.png 229w\" sizes=\"(max-width: 521px) 100vw, 521px\" \/>\t\t\t\t\t\t\t\t\t\t\t\t\t\t\t<\/div>\n\t\t\t\t<\/div>\n\t\t\t\t\t<\/div>\n\t\t<\/div>\n\t\t\t\t<div class=\"elementor-column elementor-col-50 elementor-top-column elementor-element elementor-element-c2c8204\" data-id=\"c2c8204\" data-element_type=\"column\">\n\t\t\t<div class=\"elementor-widget-wrap elementor-element-populated\">\n\t\t\t\t\t\t<div class=\"elementor-element elementor-element-2d83dc2 elementor-widget elementor-widget-modina_section_title\" data-id=\"2d83dc2\" data-element_type=\"widget\" data-widget_type=\"modina_section_title.default\">\n\t\t\t\t<div class=\"elementor-widget-container\">\n\t\t\t\t\t        <div class=\"section-title text-start\">\r\n        <span>Services<\/span>\r\n        <p>Armetal End\u00fcstriyel Mutfak Ekipmanlar\u0131<\/p>\r\n        <h2>\u0130\u015eLETMEN\u0130Z\u0130N PROFESYONEL \u00c7\u00d6Z\u00dcM ORTA\u011eI<\/h2>\r\n    <\/div>\r\n    \r\n    \r\n        \t\t\t\t<\/div>\n\t\t\t\t<\/div>\n\t\t\t\t<div class=\"elementor-element elementor-element-dcea5a6 elementor-widget elementor-widget-heading\" data-id=\"dcea5a6\" data-element_type=\"widget\" data-widget_type=\"heading.default\">\n\t\t\t\t<div class=\"elementor-widget-container\">\n\t\t\t\t\t<h4 class=\"elementor-heading-title elementor-size-default\">T\u00fcrkiye\u2019nin tercih edilen end\u00fcstriyel mutfak \u00fcreticisi !\n<\/h4>\t\t\t\t<\/div>\n\t\t\t\t<\/div>\n\t\t\t\t<div class=\"elementor-element elementor-element-b445aa8 elementor-widget elementor-widget-heading\" data-id=\"b445aa8\" data-element_type=\"widget\" data-widget_type=\"heading.default\">\n\t\t\t\t<div class=\"elementor-widget-container\">\n\t\t\t\t\t<p class=\"elementor-heading-title elementor-size-default\">2006 y\u0131l\u0131nda kurulan Armetal, faaliyet alan\u0131nda yenilik\u00e7i ve s\u00fcrekli kendini geli\u015ftirmi\u015f, mutfak sekt\u00f6r\u00fcnde kaliteli hizmet ile ad\u0131n\u0131 duyurmu\u015f, yakalam\u0131\u015f oldu\u011fu g\u00fcven ve ba\u015far\u0131y\u0131 uluslararas\u0131nda da ad\u0131m ad\u0131m devam ettirmeyi hedef belirlemi\u015ftir.\n<br>Paslanmaz sac i\u015fleme konusunda teknolojik de\u011fi\u015fimleri ve m\u00fc\u015fterilerden gelen talepleri en iyi \u015fekilde de\u011ferlendirerek \u00fcretimine y\u00f6n vermi\u015ftir.<br>End\u00fcstriyel mutfak sekt\u00f6r\u00fcnde paslanmaz \u00e7elikten olu\u015fan; \u00c7al\u0131\u015fma Tezgahlar\u0131, Evyeli Tezgahlar, Dolaplar, Davlumbazlar, .raflar, Arabalar ve Servis \u00dcnitelerinden olu\u015fan gruplar\u0131 ile \u00fcretimini ve servis deste\u011fini sa\u011flamaktad\u0131r.<br>Kaliteli \u00fcretim i\u00e7in kaliteli hammadde kullanan Armetal, otel, hastane, fabrika, cafe, bar, restoran vs. gibi i\u015fletmelere projeden montaja hizmet vermektedir.<\/p>\t\t\t\t<\/div>\n\t\t\t\t<\/div>\n\t\t\t\t\t<\/div>\n\t\t<\/div>\n\t\t\t\t\t<\/div>\n\t\t<\/section>\n\t\t\t\t<\/div>\n\t\t","protected":false},"excerpt":{"rendered":"<p>Services Armetal End\u00fcstriyel Mutfak Ekipmanlar\u0131 \u0130\u015eLETMEN\u0130Z\u0130N PROFESYONEL \u00c7\u00d6Z\u00dcM ORTA\u011eI T\u00fcrkiye\u2019nin tercih edilen end\u00fcstriyel mutfak \u00fcreticisi ! 2006 y\u0131l\u0131nda kurulan Armetal, faaliyet alan\u0131nda yenilik\u00e7i ve s\u00fcrekli kendini geli\u015ftirmi\u015f, mutfak sekt\u00f6r\u00fcnde kaliteli hizmet ile ad\u0131n\u0131 duyurmu\u015f, yakalam\u0131\u015f oldu\u011fu g\u00fcven ve ba\u015far\u0131y\u0131 uluslararas\u0131nda da ad\u0131m ad\u0131m devam ettirmeyi hedef belirlemi\u015ftir. Paslanmaz sac i\u015fleme konusunda teknolojik de\u011fi\u015fimleri ve m\u00fc\u015fterilerden [&hellip;]<\/p>\n","protected":false},"author":1,"featured_media":0,"parent":0,"menu_order":0,"comment_status":"closed","ping_status":"closed","template":"","meta":{"footnotes":""},"acf":[],"_links":{"self":[{"href":"http:\/\/www.armetalmutfak.com\/index.php\/wp-json\/wp\/v2\/pages\/32"}],"collection":[{"href":"http:\/\/www.armetalmutfak.com\/index.php\/wp-json\/wp\/v2\/pages"}],"about":[{"href":"http:\/\/www.armetalmutfak.com\/index.php\/wp-json\/wp\/v2\/types\/page"}],"author":[{"embeddable":true,"href":"http:\/\/www.armetalmutfak.com\/index.php\/wp-json\/wp\/v2\/users\/1"}],"replies":[{"embeddable":true,"href":"http:\/\/www.armetalmutfak.com\/index.php\/wp-json\/wp\/v2\/comments?post=32"}],"version-history":[{"count":4,"href":"http:\/\/www.armetalmutfak.com\/index.php\/wp-json\/wp\/v2\/pages\/32\/revisions"}],"predecessor-version":[{"id":4268,"href":"http:\/\/www.armetalmutfak.com\/index.php\/wp-json\/wp\/v2\/pages\/32\/revisions\/4268"}],"wp:attachment":[{"href":"http:\/\/www.armetalmutfak.com\/index.php\/wp-json\/wp\/v2\/media?parent=32"}],"curies":[{"name":"wp","href":"https:\/\/api.w.org\/{rel}","templated":true}]}}