{"id":4635,"date":"2023-10-04T09:17:22","date_gmt":"2023-10-04T09:17:22","guid":{"rendered":"http:\/\/www.armetalmutfak.com\/?page_id=4635"},"modified":"2025-03-14T11:01:55","modified_gmt":"2025-03-14T11:01:55","slug":"fiyat-listesi","status":"publish","type":"page","link":"http:\/\/www.armetalmutfak.com\/index.php\/fiyat-listesi\/","title":{"rendered":"Fiyat Listesi"},"content":{"rendered":"\t\t<div data-elementor-type=\"wp-page\" data-elementor-id=\"4635\" class=\"elementor elementor-4635\">\n\t\t\t\t\t\t<section class=\"elementor-section elementor-top-section elementor-element elementor-element-ea6cc36 elementor-section-boxed elementor-section-height-default elementor-section-height-default\" data-id=\"ea6cc36\" data-element_type=\"section\">\n\t\t\t\t\t\t<div class=\"elementor-container elementor-column-gap-default\">\n\t\t\t\t\t<div class=\"elementor-column elementor-col-50 elementor-top-column elementor-element elementor-element-d5108db\" data-id=\"d5108db\" data-element_type=\"column\">\n\t\t\t<div class=\"elementor-widget-wrap elementor-element-populated\">\n\t\t\t\t\t\t<div class=\"elementor-element elementor-element-1516785 elementor-widget elementor-widget-modina_card_item\" data-id=\"1516785\" data-element_type=\"widget\" data-widget_type=\"modina_card_item.default\">\n\t\t\t\t<div class=\"elementor-widget-container\">\n\t\t\t\t\t\r\n        <div class=\"single-approach-card single-card-item\">\r\n                <div class=\"card-thumb bg-cover\" style=\"background-image: url('http:\/\/www.armetalmutfak.com\/wp-content\/uploads\/2025\/03\/fiyatlistessi-kopya-copy.jpg')\"><\/div>\r\n                <div class=\"content\">\r\n                        <h3><a href=\"http:\/\/www.armetalmutfak.com\/wp-content\/uploads\/2025\/03\/2025-STANDART-SERI-FIYAT-LISTESI.pdf\">2025 F\u0130YAT L\u0130STES\u0130<\/a><\/h3>\r\n            <p><\/p>\r\n            <a href=\"http:\/\/www.armetalmutfak.com\/wp-content\/uploads\/2025\/03\/2025-STANDART-SERI-FIYAT-LISTESI.pdf  \" class=\"read-btn\">Fiyat Listesini G\u00f6r <i class=\"fal fa-long-arrow-right\"><\/i><\/a>\r\n        <\/div>\r\n    <\/div>\r\n        \t\t\t\t<\/div>\n\t\t\t\t<\/div>\n\t\t\t\t<div class=\"elementor-element elementor-element-dacdd42 elementor-align-center elementor-widget elementor-widget-button\" data-id=\"dacdd42\" data-element_type=\"widget\" data-widget_type=\"button.default\">\n\t\t\t\t<div class=\"elementor-widget-container\">\n\t\t\t\t\t\t\t\t\t<div class=\"elementor-button-wrapper\">\n\t\t\t\t\t<a class=\"elementor-button elementor-button-link elementor-size-sm\" href=\"https:\/\/wa.me\/5325718696\">\n\t\t\t\t\t\t<span class=\"elementor-button-content-wrapper\">\n\t\t\t\t\t\t<span class=\"elementor-button-icon\">\n\t\t\t\t<i aria-hidden=\"true\" class=\"fas fa-long-arrow-alt-right\"><\/i>\t\t\t<\/span>\n\t\t\t\t\t\t\t\t\t<span class=\"elementor-button-text\">T\u00fcrk\u00e7e m\u00fc\u015fteri temsilcimiz i\u00e7in bize\u00a0ula\u015f\u0131n<\/span>\n\t\t\t\t\t<\/span>\n\t\t\t\t\t<\/a>\n\t\t\t\t<\/div>\n\t\t\t\t\t\t\t\t<\/div>\n\t\t\t\t<\/div>\n\t\t\t\t\t<\/div>\n\t\t<\/div>\n\t\t\t\t<div class=\"elementor-column elementor-col-50 elementor-top-column elementor-element elementor-element-56dc6c4\" data-id=\"56dc6c4\" data-element_type=\"column\">\n\t\t\t<div class=\"elementor-widget-wrap elementor-element-populated\">\n\t\t\t\t\t\t<div class=\"elementor-element elementor-element-e223b07 elementor-widget elementor-widget-modina_card_item\" data-id=\"e223b07\" data-element_type=\"widget\" data-widget_type=\"modina_card_item.default\">\n\t\t\t\t<div class=\"elementor-widget-container\">\n\t\t\t\t\t\r\n        <div class=\"single-approach-card single-card-item\">\r\n                <div class=\"card-thumb bg-cover\" style=\"background-image: url('http:\/\/www.armetalmutfak.com\/wp-content\/uploads\/2025\/03\/fiyatlistessis-kopya-copy.jpg')\"><\/div>\r\n                <div class=\"content\">\r\n                        <h3><a href=\"\">AR METAL - 2025 PRICE LIST<\/a><\/h3>\r\n            <p><\/p>\r\n            <a href=\"  \" class=\"read-btn\">See Price List (Getting Ready) <i class=\"fal fa-long-arrow-right\"><\/i><\/a>\r\n        <\/div>\r\n    <\/div>\r\n        \t\t\t\t<\/div>\n\t\t\t\t<\/div>\n\t\t\t\t<div class=\"elementor-element elementor-element-4796bdf elementor-align-center elementor-widget elementor-widget-button\" data-id=\"4796bdf\" data-element_type=\"widget\" data-widget_type=\"button.default\">\n\t\t\t\t<div class=\"elementor-widget-container\">\n\t\t\t\t\t\t\t\t\t<div class=\"elementor-button-wrapper\">\n\t\t\t\t\t<a class=\"elementor-button elementor-button-link elementor-size-sm\" href=\"https:\/\/wa.me\/5336808088\">\n\t\t\t\t\t\t<span class=\"elementor-button-content-wrapper\">\n\t\t\t\t\t\t<span class=\"elementor-button-icon\">\n\t\t\t\t<i aria-hidden=\"true\" class=\"fas fa-long-arrow-alt-right\"><\/i>\t\t\t<\/span>\n\t\t\t\t\t\t\t\t\t<span class=\"elementor-button-text\">Contact us for English customer representative<\/span>\n\t\t\t\t\t<\/span>\n\t\t\t\t\t<\/a>\n\t\t\t\t<\/div>\n\t\t\t\t\t\t\t\t<\/div>\n\t\t\t\t<\/div>\n\t\t\t\t\t<\/div>\n\t\t<\/div>\n\t\t\t\t\t<\/div>\n\t\t<\/section>\n\t\t\t\t<section class=\"elementor-section elementor-top-section elementor-element elementor-element-4f32e3a elementor-section-boxed elementor-section-height-default elementor-section-height-default\" data-id=\"4f32e3a\" data-element_type=\"section\">\n\t\t\t\t\t\t<div class=\"elementor-container elementor-column-gap-default\">\n\t\t\t\t\t<div class=\"elementor-column elementor-col-100 elementor-top-column elementor-element elementor-element-296245a\" data-id=\"296245a\" data-element_type=\"column\">\n\t\t\t<div class=\"elementor-widget-wrap elementor-element-populated\">\n\t\t\t\t\t\t<div class=\"elementor-element elementor-element-b0da028 elementor-widget elementor-widget-spacer\" data-id=\"b0da028\" data-element_type=\"widget\" data-widget_type=\"spacer.default\">\n\t\t\t\t<div class=\"elementor-widget-container\">\n\t\t\t\t\t\t\t<div class=\"elementor-spacer\">\n\t\t\t<div class=\"elementor-spacer-inner\"><\/div>\n\t\t<\/div>\n\t\t\t\t\t\t<\/div>\n\t\t\t\t<\/div>\n\t\t\t\t\t<\/div>\n\t\t<\/div>\n\t\t\t\t\t<\/div>\n\t\t<\/section>\n\t\t\t\t<section class=\"elementor-section elementor-top-section elementor-element elementor-element-acee81c elementor-section-boxed elementor-section-height-default elementor-section-height-default\" data-id=\"acee81c\" data-element_type=\"section\">\n\t\t\t\t\t\t<div class=\"elementor-container elementor-column-gap-default\">\n\t\t\t\t\t<div class=\"elementor-column elementor-col-100 elementor-top-column elementor-element elementor-element-4105f6a\" data-id=\"4105f6a\" data-element_type=\"column\">\n\t\t\t<div class=\"elementor-widget-wrap\">\n\t\t\t\t\t\t\t<\/div>\n\t\t<\/div>\n\t\t\t\t\t<\/div>\n\t\t<\/section>\n\t\t\t\t<\/div>\n\t\t","protected":false},"excerpt":{"rendered":"<p>2025 F\u0130YAT L\u0130STES\u0130 Fiyat Listesini G\u00f6r T\u00fcrk\u00e7e m\u00fc\u015fteri temsilcimiz i\u00e7in bize\u00a0ula\u015f\u0131n AR METAL &#8211; 2025 PRICE LIST See Price List (Getting Ready) Contact us for English customer representative<\/p>\n","protected":false},"author":1,"featured_media":0,"parent":0,"menu_order":0,"comment_status":"closed","ping_status":"closed","template":"","meta":{"footnotes":""},"acf":[],"_links":{"self":[{"href":"http:\/\/www.armetalmutfak.com\/index.php\/wp-json\/wp\/v2\/pages\/4635"}],"collection":[{"href":"http:\/\/www.armetalmutfak.com\/index.php\/wp-json\/wp\/v2\/pages"}],"about":[{"href":"http:\/\/www.armetalmutfak.com\/index.php\/wp-json\/wp\/v2\/types\/page"}],"author":[{"embeddable":true,"href":"http:\/\/www.armetalmutfak.com\/index.php\/wp-json\/wp\/v2\/users\/1"}],"replies":[{"embeddable":true,"href":"http:\/\/www.armetalmutfak.com\/index.php\/wp-json\/wp\/v2\/comments?post=4635"}],"version-history":[{"count":22,"href":"http:\/\/www.armetalmutfak.com\/index.php\/wp-json\/wp\/v2\/pages\/4635\/revisions"}],"predecessor-version":[{"id":4855,"href":"http:\/\/www.armetalmutfak.com\/index.php\/wp-json\/wp\/v2\/pages\/4635\/revisions\/4855"}],"wp:attachment":[{"href":"http:\/\/www.armetalmutfak.com\/index.php\/wp-json\/wp\/v2\/media?parent=4635"}],"curies":[{"name":"wp","href":"https:\/\/api.w.org\/{rel}","templated":true}]}}